tors of 10951.
47, 233
What are the prime factors of 1395?
3, 5, 31
List the prime factors of 28250.
2, 5, 113
List the prime factors of 1461.
3, 487
What are the prime factors of 152736?
2, 3, 37, 43
What are the prime factors of 499?
499
What are the prime factors of 1946?
2, 7, 139
What are the prime factors of 9717?
3, 41, 79
List the prime factors of 3279.
3, 1093
List the prime factors of 12001.
11, 1091
What are the prime factors of 2702?
2, 7, 193
What are the prime factors of 2697?
3, 29, 31
List the prime factors of 8111.
8111
List the prime factors of 3677.
3677
List the prime factors of 72276.
2, 3, 19, 317
List the prime factors of 14950.
2, 5, 13, 23
List the prime factors of 20199.
3, 6733
List the prime factors of 91036.
2, 11, 2069
What are the prime factors of 29999?
131, 229
What are the prime factors of 924?
2, 3, 7, 11
What are the prime factors of 186?
2, 3, 31
List the prime factors of 1599.
3, 13, 41
What are the prime factors of 43369?
31, 1399
What are the prime factors of 720?
2, 3, 5
What are the prime factors of 474?
2, 3, 79
What are the prime factors of 5574?
2, 3, 929
What are the prime factors of 115353?
3, 7, 1831
List the prime factors of 3174.
2, 3, 23
List the prime factors of 3328.
2, 13
List the prime factors of 25918.
2, 12959
What are the prime factors of 1660?
2, 5, 83
List the prime factors of 7222.
2, 23, 157
What are the prime factors of 145613?
13, 23, 487
What are the prime factors of 83258?
2, 7, 19, 313
List the prime factors of 1313.
13, 101
What are the prime factors of 76339?
97, 787
List the prime factors of 2880.
2, 3, 5
What are the prime factors of 70129?
19, 3691
What are the prime factors of 8064?
2, 3, 7
List the prime factors of 5901.
3, 7, 281
What are the prime factors of 9774?
2, 3, 181
What are the prime factors of 1009?
1009
What are the prime factors of 610?
2, 5, 61
What are the prime factors of 20865?
3, 5, 13, 107
What are the prime factors of 20115?
3, 5, 149
What are the prime factors of 7452?
2, 3, 23
List the prime factors of 10128.
2, 3, 211
What are the prime factors of 13195?
5, 7, 13, 29
What are the prime factors of 52443?
3, 5827
List the prime factors of 7340.
2, 5, 367
List the prime factors of 3459.
3, 1153
List the prime factors of 1570.
2, 5, 157
What are the prime factors of 1608?
2, 3, 67
List the prime factors of 1510.
2, 5, 151
List the prime factors of 4913.
17
List the prime factors of 5112.
2, 3, 71
What are the prime factors of 23859?
3, 11, 241
What are the prime factors of 1299?
3, 433
List the prime factors of 81287.
29, 2803
What are the prime factors of 584?
2, 73
List the prime factors of 807.
3, 269
List the prime factors of 750.
2, 3, 5
What are the prime factors of 6090?
2, 3, 5, 7, 29
List the prime factors of 16441.
41, 401
List the prime factors of 61420.
2, 5, 37, 83
What are the prime factors of 36267?
3, 7, 11, 157
What are the prime factors of 3679?
13, 283
List the prime factors of 16869.
3, 5623
List the prime factors of 1607.
1607
What are the prime factors of 14?
2, 7
What are the prime factors of 12440?
2, 5, 311
List the prime factors of 4117.
23, 179
List the prime factors of 10239.
3, 3413
What are the prime factors of 9097?
11, 827
What are the prime factors of 1010?
2, 5, 101
What are the prime factors of 12347?
12347
List the prime factors of 4182.
2, 3, 17, 41
List the prime factors of 27477.
3, 43, 71
What are the prime factors of 304?
2, 19
List the prime factors of 520.
2, 5, 13
List the prime factors of 2590.
2, 5, 7, 37
List the prime factors of 604.
2, 151
What are the prime factors of 164446?
2, 82223
What are the prime factors of 807?
3, 269
What are the prime factors of 2292?
2, 3, 191
List the prime factors of 717.
3, 239
What are the prime factors of 101?
101
List the prime factors of 14750.
2, 5, 59
List the prime factors of 53027.
13, 4079
What are the prime factors of 40259?
127, 317
What are the prime factors of 42755?
5, 17, 503
What are the prime factors of 20043?
3, 17, 131
What are the prime factors of 172078?
2, 97, 887
List the prime factors of 1699.
1699
List the prime factors of 1496.
2, 11, 17
List the prime factors of 100624.
2, 19, 331
List the prime factors of 25624.
2, 3203
What are the prime factors of 16938?
2, 3, 941
List the prime factors of 3211.
13, 19
What are the prime factors of 775?
5, 31
What are the prime factors of 3202?
2, 1601
What are the prime factors of 32458?
2, 16229
List the prime factors of 6187.
23, 269
What are the prime factors of 2041?
13, 157
List the prime factors of 14116.
2, 3529
What are the prime factors of 30543?
3, 10181
What are the prime factors of 913?
11, 83
What are the prime factors of 33465?
3, 5, 23, 97
What are the prime factors of 891?
3, 11
What are the prime factors of 92912?
2, 5807
What are the prime factors of 146?
2, 73
What are the prime factors of 3450?
2, 3, 5, 23
What are the prime factors of 2382?
2, 3, 397
What are the prime factors of 4582?
2, 29, 79
List the prime factors of 5798.
2, 13, 223
List the prime factors of 3066.
2, 3, 7, 73
List the prime factors of 2073.
3, 691
List the prime factors of 1928.
2, 241
List the prime factors of 178546.
2, 89273
What are the prime factors of 22989?
3, 79, 97
What are the prime factors of 1456?
2, 7, 13
List the prime factors of 56988.
2, 3, 1583
What are the prime factors of 15113?
7, 17, 127
List the prime factors of 72.
2, 3
What are the prime factors of 621?
3, 23
What are the prime factors of 3356?
2, 839
List the prime factors of 4057.
4057
What are the prime factors of 970?
2, 5, 97
What are the prime factors of 66330?
2, 3, 5, 11, 67
List the prime factors of 5023.
5023
What are the prime factors of 86723?
7, 13, 953
What are the prime factors of 3010?
2, 5, 7, 43
List the prime factors of 138386.
2, 69193
What are the prime factors of 793?
13, 61
List the prime factors of 57282.
2, 3, 9547
What are the prime factors of 131019?
3, 7, 17, 367
List the prime factors of 1163.
1163
List the prime factors of 72.
2, 3
List the prime factors of 63454.
2, 31727
What are the prime factors of 3853?
3853
List the prime factors of 362.
2, 181
List the prime factors of 6199.
6199
List the prime factors of 64013.
64013
What are the prime factors of 83919?
3, 11, 2543
List the prime factors of 945.
3, 5, 7
List the prime factors of 28338.
2, 3, 4723
List the prime factors of 13220.
2, 5, 661
List the prime factors of 31699.
31699
What are the prime factors of 11581?
37, 313
List the prime factors of 3939.
3, 13, 101
List the prime factors of 32511.
3, 10837
List the prime factors of 4051.
4051
List the prime factors of 179359.
67, 2677
What are the prime factors of 11196?
2, 3, 311
List the prime factors of 4178.
2, 2089
List the prime factors of 17263.
61, 283
List the prime factors of 103.
103
List the prime factors of 925.
5, 37
What are the prime factors of 590?
2, 5, 59
What are the prime factors of 1066?
2, 13, 41
List the prime factors of 18401.
18401
List the prime factors of 202.
2, 101
List the prime factors of 417.
3, 139
What are the prime factors of 1863?
3, 23
List the prime factors of 327.
3, 109
What are the prime factors of 921?
3, 307
List the prime factors of 2872.
2, 359
What are the prime factors of 1579?
1579
List the prime factors of 4044.
2, 3, 337
List the prime factors of 540.
2, 3, 5
What are the prime factors of 429?
3, 11, 13
What are the prime factors of 1988?
2, 7, 71
List the prime factors of 13906.
2, 17, 409
What are the prime factors of 11214?
2, 3, 7, 89
List the prime factors of 2166.
2, 3, 19
List the prime factors of 102.
2, 3, 17
What are the prime factors of 1386?
2, 3, 7, 11
What are the prime factors of 137?
137
What are the prime factors of 126?
2, 3, 7
What are the prime factors of 35550?
2, 3, 5, 79
List the prime factors of 6811.
7, 139
List the prime factors of 5869.
5869
List the prime factors of 41298.
2, 3, 6883
What are the prime factors of 962?
2, 13, 37
List the prime factors of 2660.
2, 5, 7, 19
List the prime factors of 2559.
3, 853
What are the prime factors of 5022?
2, 3, 31
List the prime factors of 1311.
3, 19, 23
List the prime factors of 3875.
5, 31
List the prime factors of 86005.
5, 103, 167
List the prime factors of 490.
2, 5, 7
What are t